{"id":23733,"date":"2025-10-18T08:41:37","date_gmt":"2025-10-18T06:41:37","guid":{"rendered":"https:\/\/lecarrelet.com\/?page_id=23733"},"modified":"2025-10-18T08:51:34","modified_gmt":"2025-10-18T06:51:34","slug":"carte-le-comptoir-iode","status":"publish","type":"page","link":"https:\/\/lecarrelet.com\/index.php\/carte-le-comptoir-iode\/","title":{"rendered":"Carte Le comptoir iod\u00e9"},"content":{"rendered":"\n<p>Le Comptoir Iod\u00e9, c\u2019est l\u2019annexe d\u00e9contract\u00e9e et iod\u00e9e du restaurant\u00a0Le Carrelet\u00a0\u00e0 Royan. Situ\u00e9 en face du Carrelet, ce comptoir propose une\u00a0cuisine fra\u00eeche, rapide et soign\u00e9e\u00a0autour des\u00a0produits de la mer.\u00a0Planches \u00e0 partager, salades gourmandes, petits plats, hu\u00eetres \u2026 le tout \u00e0 savourer sur place ou \u00e0 emporter.\u00a0Th\u00e9s glac\u00e9s maison, cocktails sans alcool, bi\u00e8res locales, pineau et spiritueux charentais compl\u00e8tent l\u2019exp\u00e9rience.\u00a0Produits locaux, recettes originales, service rapide. Id\u00e9al pour une\u00a0pause iod\u00e9e \u00e0 deux pas de l&rsquo;oc\u00e9an.<\/p>\n\n\n\n<p><a href=\"https:\/\/lecarrelet.com\/wp-content\/uploads\/2025\/10\/CARTE-TOUSSAINT-2025.pdf\">Cliquez i\u00e7i pour affichez la carte<\/a><\/p>\n\n\n\n<p><\/p>\n\n\n<figure class=\"wp-block-post-featured-image\"><img data-recalc-dims=\"1\" loading=\"lazy\" decoding=\"async\" width=\"525\" height=\"371\" src=\"https:\/\/i0.wp.com\/lecarrelet.com\/wp-content\/uploads\/2025\/10\/Logo_CMYK_Logo-poulpe-bronze-texte-ronds-bronze-copie-1.jpg?resize=525%2C371&#038;ssl=1\" class=\"attachment-post-thumbnail size-post-thumbnail wp-post-image\" alt=\"\" style=\"object-fit:cover;\" srcset=\"https:\/\/i0.wp.com\/lecarrelet.com\/wp-content\/uploads\/2025\/10\/Logo_CMYK_Logo-poulpe-bronze-texte-ronds-bronze-copie-1.jpg?w=1191&amp;ssl=1 1191w, https:\/\/i0.wp.com\/lecarrelet.com\/wp-content\/uploads\/2025\/10\/Logo_CMYK_Logo-poulpe-bronze-texte-ronds-bronze-copie-1.jpg?resize=300%2C212&amp;ssl=1 300w, https:\/\/i0.wp.com\/lecarrelet.com\/wp-content\/uploads\/2025\/10\/Logo_CMYK_Logo-poulpe-bronze-texte-ronds-bronze-copie-1.jpg?resize=1024%2C724&amp;ssl=1 1024w, https:\/\/i0.wp.com\/lecarrelet.com\/wp-content\/uploads\/2025\/10\/Logo_CMYK_Logo-poulpe-bronze-texte-ronds-bronze-copie-1.jpg?resize=768%2C543&amp;ssl=1 768w, https:\/\/i0.wp.com\/lecarrelet.com\/wp-content\/uploads\/2025\/10\/Logo_CMYK_Logo-poulpe-bronze-texte-ronds-bronze-copie-1.jpg?resize=200%2C141&amp;ssl=1 200w\" sizes=\"auto, 100vw\" \/><\/figure>","protected":false},"excerpt":{"rendered":"<p>Le Comptoir Iod\u00e9, c\u2019est l\u2019annexe d\u00e9contract\u00e9e et iod\u00e9e du restaurant\u00a0Le Carrelet\u00a0\u00e0 Royan. Situ\u00e9 en face du Carrelet, ce comptoir propose une\u00a0cuisine fra\u00eeche, rapide et soign\u00e9e\u00a0autour des\u00a0produits de la mer.\u00a0Planches \u00e0 partager, salades gourmandes, petits plats, hu\u00eetres \u2026 le tout \u00e0 savourer sur place ou \u00e0 emporter.\u00a0Th\u00e9s glac\u00e9s maison, cocktails sans alcool, bi\u00e8res locales, pineau et &hellip; <\/p>\n<p class=\"link-more\"><a href=\"https:\/\/lecarrelet.com\/index.php\/carte-le-comptoir-iode\/\" class=\"more-link\">Continuer la lecture<span class=\"screen-reader-text\"> de &laquo;&nbsp;Carte Le comptoir iod\u00e9&nbsp;&raquo;<\/span><\/a><\/p>\n","protected":false},"author":1,"featured_media":23740,"parent":0,"menu_order":0,"comment_status":"closed","ping_status":"closed","template":"","meta":{"footnotes":""},"class_list":["post-23733","page","type-page","status-publish","has-post-thumbnail","hentry"],"jetpack_sharing_enabled":true,"_links":{"self":[{"href":"https:\/\/lecarrelet.com\/index.php\/wp-json\/wp\/v2\/pages\/23733","targetHints":{"allow":["GET"]}}],"collection":[{"href":"https:\/\/lecarrelet.com\/index.php\/wp-json\/wp\/v2\/pages"}],"about":[{"href":"https:\/\/lecarrelet.com\/index.php\/wp-json\/wp\/v2\/types\/page"}],"author":[{"embeddable":true,"href":"https:\/\/lecarrelet.com\/index.php\/wp-json\/wp\/v2\/users\/1"}],"replies":[{"embeddable":true,"href":"https:\/\/lecarrelet.com\/index.php\/wp-json\/wp\/v2\/comments?post=23733"}],"version-history":[{"count":7,"href":"https:\/\/lecarrelet.com\/index.php\/wp-json\/wp\/v2\/pages\/23733\/revisions"}],"predecessor-version":[{"id":23744,"href":"https:\/\/lecarrelet.com\/index.php\/wp-json\/wp\/v2\/pages\/23733\/revisions\/23744"}],"wp:featuredmedia":[{"embeddable":true,"href":"https:\/\/lecarrelet.com\/index.php\/wp-json\/wp\/v2\/media\/23740"}],"wp:attachment":[{"href":"https:\/\/lecarrelet.com\/index.php\/wp-json\/wp\/v2\/media?parent=23733"}],"curies":[{"name":"wp","href":"https:\/\/api.w.org\/{rel}","templated":true}]}}